[INFO] fetching crate spdlog-rs 0.3.8...
[INFO] checking spdlog-rs-0.3.8 against master#9610dfe5a9a731ced1ea4923ecbd0c57fe367898 for beta-170-4
[INFO] extracting crate spdlog-rs 0.3.8 into /workspace/builds/worker-2-tc1/source
[INFO] validating manifest of crates.io crate spdlog-rs 0.3.8 on toolchain 9610dfe5a9a731ced1ea4923ecbd0c57fe367898
[INFO] running `Command { std: CARGO_HOME="/workspace/cargo-home" RUSTUP_HOME="/workspace/rustup-home" "/workspace/cargo-home/bin/cargo" "+9610dfe5a9a731ced1ea4923ecbd0c57fe367898" "metadata" "--manifest-path" "Cargo.toml" "--no-deps", kill_on_drop: false }`
[INFO] started tweaking crates.io crate spdlog-rs 0.3.8
[INFO] removed 0 missing examples
[INFO] finished tweaking crates.io crate spdlog-rs 0.3.8
[INFO] tweaked toml for crates.io crate spdlog-rs 0.3.8 written to /workspace/builds/worker-2-tc1/source/Cargo.toml
[INFO] crate crates.io crate spdlog-rs 0.3.8 already has a lockfile, it will not be regenerated
[INFO] running `Command { std: CARGO_HOME="/workspace/cargo-home" RUSTUP_HOME="/workspace/rustup-home" "/workspace/cargo-home/bin/cargo" "+9610dfe5a9a731ced1ea4923ecbd0c57fe367898" "fetch" "--manifest-path" "Cargo.toml", kill_on_drop: false }`
[INFO] [stderr]     Updating crates.io index
[INFO] [stderr]  Downloading crates ...
[INFO] [stderr]   Downloaded slog-stdlog v4.1.1
[INFO] [stderr]   Downloaded hermit-abi v0.3.0
[INFO] [stderr]   Downloaded spdlog-macros v0.1.0
[INFO] [stderr]   Downloaded sloggers v2.1.1
[INFO] [stderr]   Downloaded slog-term v2.9.0
[INFO] [stderr]   Downloaded windows-acl v0.3.0
[INFO] [stderr]   Downloaded flexi_logger v0.24.1
[INFO] [stderr]   Downloaded flexible-string v0.1.0
[INFO] running `Command { std: "docker" "create" "-v" "/var/lib/crater-agent-workspace/builds/worker-2-tc1/target:/opt/rustwide/target:rw,Z" "-v" "/var/lib/crater-agent-workspace/builds/worker-2-tc1/source:/opt/rustwide/workdir:ro,Z" "-v" "/var/lib/crater-agent-workspace/cargo-home:/opt/rustwide/cargo-home:ro,Z" "-v" "/var/lib/crater-agent-workspace/rustup-home:/opt/rustwide/rustup-home:ro,Z" "-e" "SOURCE_DIR=/opt/rustwide/workdir" "-e" "CARGO_TARGET_DIR=/opt/rustwide/target" "-e" "CARGO_HOME=/opt/rustwide/cargo-home" "-e" "RUSTUP_HOME=/opt/rustwide/rustup-home" "-w" "/opt/rustwide/workdir" "-m" "1610612736" "--user" "0:0" "--network" "none" "ghcr.io/rust-lang/crates-build-env/linux@sha256:19e73879b68f455e41552ea35293514db52ea292d993f571636dbffedb77a1ee" "/opt/rustwide/cargo-home/bin/cargo" "+9610dfe5a9a731ced1ea4923ecbd0c57fe367898" "metadata" "--no-deps" "--format-version=1", kill_on_drop: false }`
[INFO] [stdout] f6b5acc08e13799f2fe840bd240b2a1437e8ef3300af0ea74cab5734b52cf732
[INFO] running `Command { std: "docker" "start" "-a" "f6b5acc08e13799f2fe840bd240b2a1437e8ef3300af0ea74cab5734b52cf732", kill_on_drop: false }`
[INFO] running `Command { std: "docker" "inspect" "f6b5acc08e13799f2fe840bd240b2a1437e8ef3300af0ea74cab5734b52cf732", kill_on_drop: false }`
[INFO] running `Command { std: "docker" "rm" "-f" "f6b5acc08e13799f2fe840bd240b2a1437e8ef3300af0ea74cab5734b52cf732", kill_on_drop: false }`
[INFO] [stdout] f6b5acc08e13799f2fe840bd240b2a1437e8ef3300af0ea74cab5734b52cf732
[INFO] running `Command { std: "docker" "create" "-v" "/var/lib/crater-agent-workspace/builds/worker-2-tc1/target:/opt/rustwide/target:rw,Z" "-v" "/var/lib/crater-agent-workspace/builds/worker-2-tc1/source:/opt/rustwide/workdir:ro,Z" "-v" "/var/lib/crater-agent-workspace/cargo-home:/opt/rustwide/cargo-home:ro,Z" "-v" "/var/lib/crater-agent-workspace/rustup-home:/opt/rustwide/rustup-home:ro,Z" "-e" "SOURCE_DIR=/opt/rustwide/workdir" "-e" "CARGO_TARGET_DIR=/opt/rustwide/target" "-e" "CARGO_INCREMENTAL=0" "-e" "RUST_BACKTRACE=full" "-e" "RUSTFLAGS=--cap-lints=forbid" "-e" "RUSTDOCFLAGS=--cap-lints=forbid" "-e" "CARGO_HOME=/opt/rustwide/cargo-home" "-e" "RUSTUP_HOME=/opt/rustwide/rustup-home" "-w" "/opt/rustwide/workdir" "-m" "1610612736" "--user" "0:0" "--network" "none" "ghcr.io/rust-lang/crates-build-env/linux@sha256:19e73879b68f455e41552ea35293514db52ea292d993f571636dbffedb77a1ee" "/opt/rustwide/cargo-home/bin/cargo" "+9610dfe5a9a731ced1ea4923ecbd0c57fe367898" "check" "--frozen" "--all" "--all-targets" "--message-format=json", kill_on_drop: false }`
[INFO] [stdout] 4234761b585325b7a79567f0d8af9cdb9a2222ad630024d3e4334195772918be
[INFO] running `Command { std: "docker" "start" "-a" "4234761b585325b7a79567f0d8af9cdb9a2222ad630024d3e4334195772918be", kill_on_drop: false }`
[INFO] [stderr]    Compiling proc-macro2 v1.0.51
[INFO] [stderr]    Compiling syn v1.0.107
[INFO] [stderr]    Compiling libc v0.2.139
[INFO] [stderr]    Compiling serde v1.0.152
[INFO] [stderr]     Checking once_cell v1.17.0
[INFO] [stderr]    Compiling num-traits v0.2.15
[INFO] [stderr]    Compiling log v0.4.17
[INFO] [stderr]    Compiling crossbeam-utils v0.8.14
[INFO] [stderr]    Compiling semver v1.0.16
[INFO] [stderr]     Checking thread_local v1.1.4
[INFO] [stderr]    Compiling indexmap v1.9.2
[INFO] [stderr]    Compiling io-lifetimes v1.0.5
[INFO] [stderr]     Checking arc-swap v1.6.0
[INFO] [stderr]    Compiling thiserror v1.0.38
[INFO] [stderr]    Compiling time-core v0.1.0
[INFO] [stderr]    Compiling time-macros v0.2.6
[INFO] [stderr]     Checking crossbeam-channel v0.5.6
[INFO] [stderr]     Checking aho-corasick v0.7.20
[INFO] [stderr]    Compiling quote v1.0.23
[INFO] [stderr]     Checking tracing-core v0.1.30
[INFO] [stderr]     Checking num-integer v0.1.45
[INFO] [stderr]    Compiling rustix v0.36.8
[INFO] [stderr]     Checking regex-syntax v0.6.28
[INFO] [stderr]     Checking num_threads v0.1.6
[INFO] [stderr]    Compiling proc-macro-error-attr v1.0.4
[INFO] [stderr]     Checking time v0.1.45
[INFO] [stderr]     Checking dirs-sys-next v0.1.2
[INFO] [stderr]     Checking atty v0.2.14
[INFO] [stderr]     Checking dirs-next v2.0.0
[INFO] [stderr]     Checking chrono v0.4.23
[INFO] [stderr]    Compiling rustc_version v0.4.0
[INFO] [stderr]    Compiling atomic v0.5.1
[INFO] [stderr]    Compiling serde_json v1.0.92
[INFO] [stderr]     Checking time v0.3.17
[INFO] [stderr]    Compiling slog-async v2.7.0
[INFO] [stderr]     Checking overload v0.1.1
[INFO] [stderr]    Compiling rustversion v1.0.11
[INFO] [stderr]     Checking linked-hash-map v0.5.6
[INFO] [stderr]     Checking rle-decode-fast v1.0.3
[INFO] [stderr]     Checking destructure_traitobject v0.2.0
[INFO] [stderr]    Compiling anyhow v1.0.69
[INFO] [stderr]    Compiling crossbeam-queue v0.3.8
[INFO] [stderr]     Checking linux-raw-sys v0.1.4
[INFO] [stderr]     Checking unsafe-any-ors v1.0.0
[INFO] [stderr]     Checking libflate_lz77 v1.1.0
[INFO] [stderr]     Checking yaml-rust v0.4.5
[INFO] [stderr]     Checking nu-ansi-term v0.46.0
[INFO] [stderr]    Compiling nom v7.1.3
[INFO] [stderr]    Compiling spdlog-rs v0.3.8 (/opt/rustwide/workdir)
[INFO] [stderr]     Checking crossbeam-epoch v0.9.13
[INFO] [stderr]     Checking term v0.7.0
[INFO] [stderr]     Checking regex v1.7.1
[INFO] [stderr]     Checking parking_lot_core v0.9.7
[INFO] [stderr]     Checking ordered-float v2.10.0
[INFO] [stderr]     Checking slog-scope v4.4.0
[INFO] [stderr]     Checking sharded-slab v0.1.4
[INFO] [stderr]     Checking os_str_bytes v6.4.1
[INFO] [stderr]     Checking take_mut v0.2.2
[INFO] [stderr]     Checking libflate v1.2.0
[INFO] [stderr]     Checking clap_lex v0.2.4
[INFO] [stderr]     Checking slog-kvfilter v0.7.0
[INFO] [stderr]     Checking parking_lot v0.12.1
[INFO] [stderr]     Checking crossbeam-deque v0.8.2
[INFO] [stderr]     Checking slog-term v2.9.0
[INFO] [stderr]     Checking is-terminal v0.4.3
[INFO] [stderr]     Checking typemap-ors v1.0.0
[INFO] [stderr]     Checking thread-id v4.0.0
[INFO] [stderr]     Checking spin v0.9.4
[INFO] [stderr]     Checking textwrap v0.16.0
[INFO] [stderr]     Checking strsim v0.10.0
[INFO] [stderr]     Checking if_chain v1.0.2
[INFO] [stderr]     Checking log-mdc v0.1.0
[INFO] [stderr]     Checking glob v0.3.1
[INFO] [stderr]     Checking crossbeam v0.8.2
[INFO] [stderr]    Compiling proc-macro-error v1.0.4
[INFO] [stderr]    Compiling serde_derive v1.0.152
[INFO] [stderr]    Compiling thiserror-impl v1.0.38
[INFO] [stderr]    Compiling trackable_derive v1.0.0
[INFO] [stderr]    Compiling clap_derive v3.2.18
[INFO] [stderr]    Compiling spdlog-macros v0.1.0
[INFO] [stderr]    Compiling tracing-attributes v0.1.23
[INFO] [stderr]    Compiling derivative v2.2.0
[INFO] [stderr]     Checking trackable v1.2.0
[INFO] [stderr]     Checking tracing v0.1.37
[INFO] [stderr]     Checking clap v3.2.23
[INFO] [stderr]     Checking serde_yaml v0.8.26
[INFO] [stderr]     Checking serde-value v0.7.0
[INFO] [stderr]     Checking tracing-log v0.1.3
[INFO] [stderr]     Checking slog-stdlog v4.1.1
[INFO] [stderr]     Checking fern v0.6.1
[INFO] [stderr]     Checking flexi_logger v0.24.1
[INFO] [stderr]     Checking sloggers v2.1.1
[INFO] [stderr]     Checking tracing-subscriber v0.3.16
[INFO] [stderr]     Checking log4rs v1.2.0
[INFO] [stderr]     Checking tracing-appender v0.2.2
[INFO] [stdout] warning: unused import: `std::sync::Arc`
[INFO] [stdout]  --> tests/log_crate_proxy.rs:1:5
[INFO] [stdout]   |
[INFO] [stdout] 1 | use std::sync::Arc;
[INFO] [stdout]   |     ^^^^^^^^^^^^^^
[INFO] [stdout]   |
[INFO] [stdout]   = note: `#[warn(unused_imports)]` on by default
[INFO] [stdout] 
[INFO] [stdout] 
[INFO] [stdout] warning: unused imports: `PatternFormatter`, `pattern`, `prelude::*`, `sink::WriteSink`
[INFO] [stdout]  --> tests/log_crate_proxy.rs:4:17
[INFO] [stdout]   |
[INFO] [stdout] 4 |     formatter::{pattern, PatternFormatter},
[INFO] [stdout]   |                 ^^^^^^^  ^^^^^^^^^^^^^^^^
[INFO] [stdout] 5 |     prelude::*,
[INFO] [stdout]   |     ^^^^^^^^^^
[INFO] [stdout] 6 |     sink::WriteSink,
[INFO] [stdout]   |     ^^^^^^^^^^^^^^^
[INFO] [stdout] 
[INFO] [stdout] 
[INFO] [stdout] warning: 2 warnings emitted
[INFO] [stdout] 
[INFO] [stdout] 
[INFO] [stdout] error: please rerun `cargo bench` with `--features multi-thread`
[INFO] [stdout]   --> benches/common/mod.rs:46:9
[INFO] [stdout]    |
[INFO] [stdout] 46 |         compile_error!("please rerun `cargo bench` with `--features multi-thread`");
[INFO] [stdout]    |         ^^^^^^^^^^^^^^^^^^^^^^^^^^^^^^^^^^^^^^^^^^^^^^^^^^^^^^^^^^^^^^^^^^^^^^^^^^^
[INFO] [stdout]    |
[INFO] [stdout]   ::: benches/compare_with_cpp_spdlog_async.rs:20:1
[INFO] [stdout]    |
[INFO] [stdout] 20 | required_multi_thread_feature!();
[INFO] [stdout]    | -------------------------------- in this macro invocation
[INFO] [stdout]    |
[INFO] [stdout]    = note: this error originates in the macro `required_multi_thread_feature` (in Nightly builds, run with -Z macro-backtrace for more info)
[INFO] [stdout] 
[INFO] [stdout] 
[INFO] [stdout] error: please rerun `cargo bench` with `--features multi-thread`
[INFO] [stdout]   --> benches/common/mod.rs:46:9
[INFO] [stdout]    |
[INFO] [stdout] 46 |         compile_error!("please rerun `cargo bench` with `--features multi-thread`");
[INFO] [stdout]    |         ^^^^^^^^^^^^^^^^^^^^^^^^^^^^^^^^^^^^^^^^^^^^^^^^^^^^^^^^^^^^^^^^^^^^^^^^^^^
[INFO] [stdout]    |
[INFO] [stdout]   ::: benches/spdlog_rs.rs:18:1
[INFO] [stdout]    |
[INFO] [stdout] 18 | required_multi_thread_feature!();
[INFO] [stdout]    | -------------------------------- in this macro invocation
[INFO] [stdout]    |
[INFO] [stdout]    = note: this error originates in the macro `required_multi_thread_feature` (in Nightly builds, run with -Z macro-backtrace for more info)
[INFO] [stdout] 
[INFO] [stdout] 
[INFO] [stdout] error[E0432]: unresolved imports `spdlog::error::SendToChannelError`, `spdlog::ThreadPool`
[INFO] [stdout]   --> benches/compare_with_cpp_spdlog_async.rs:12:20
[INFO] [stdout]    |
[INFO] [stdout] 12 |     error::{Error, SendToChannelError},
[INFO] [stdout]    |                    ^^^^^^^^^^^^^^^^^^ no `SendToChannelError` in `error`
[INFO] [stdout] ...
[INFO] [stdout] 16 |     ThreadPool,
[INFO] [stdout]    |     ^^^^^^^^^^ no `ThreadPool` in the root
[INFO] [stdout] 
[INFO] [stdout] 
[INFO] [stdout] error[E0412]: cannot find type `OverflowPolicy` in this scope
[INFO] [stdout]   --> benches/compare_with_cpp_spdlog_async.rs:29:13
[INFO] [stdout]    |
[INFO] [stdout] 29 |     policy: OverflowPolicy,
[INFO] [stdout]    |             ^^^^^^^^^^^^^^ not found in this scope
[INFO] [stdout] 
[INFO] [stdout] 
[INFO] [stdout] error[E0432]: unresolved imports `spdlog::error::SendToChannelError`, `spdlog::ThreadPool`
[INFO] [stdout]   --> benches/spdlog_rs.rs:11:34
[INFO] [stdout]    |
[INFO] [stdout] 11 |     error::{Error, ErrorHandler, SendToChannelError},
[INFO] [stdout]    |                                  ^^^^^^^^^^^^^^^^^^ no `SendToChannelError` in `error`
[INFO] [stdout] ...
[INFO] [stdout] 14 |     ThreadPool,
[INFO] [stdout]    |     ^^^^^^^^^^ no `ThreadPool` in the root
[INFO] [stdout] 
[INFO] [stdout] 
[INFO] [stdout] error[E0433]: failed to resolve: use of undeclared type `AsyncPoolSink`
[INFO] [stdout]   --> benches/compare_with_cpp_spdlog_async.rs:53:13
[INFO] [stdout]    |
[INFO] [stdout] 53 |             AsyncPoolSink::builder()
[INFO] [stdout]    |             ^^^^^^^^^^^^^ use of undeclared type `AsyncPoolSink`
[INFO] [stdout] 
[INFO] [stdout] 
[INFO] [stdout] error[E0433]: failed to resolve: use of undeclared type `AsyncPoolSink`
[INFO] [stdout]   --> benches/spdlog_rs.rs:47:21
[INFO] [stdout]    |
[INFO] [stdout] 47 |                     AsyncPoolSink::builder()
[INFO] [stdout]    |                     ^^^^^^^^^^^^^ use of undeclared type `AsyncPoolSink`
[INFO] [stdout] 
[INFO] [stdout] 
[INFO] [stdout] error[E0433]: failed to resolve: use of undeclared type `OverflowPolicy`
[INFO] [stdout]   --> benches/spdlog_rs.rs:49:42
[INFO] [stdout]    |
[INFO] [stdout] 49 |                         .overflow_policy(OverflowPolicy::DropIncoming)
[INFO] [stdout]    |                                          ^^^^^^^^^^^^^^ use of undeclared type `OverflowPolicy`
[INFO] [stdout] 
[INFO] [stdout] 
[INFO] [stdout] error[E0599]: no variant or associated item named `SendToChannel` found for enum `spdlog::Error` in the current scope
[INFO] [stdout]   --> benches/compare_with_cpp_spdlog_async.rs:66:31
[INFO] [stdout]    |
[INFO] [stdout] 66 |                 if let Error::SendToChannel(SendToChannelError::Full, _dropped_data) = err {
[INFO] [stdout]    |                               ^^^^^^^^^^^^^ variant or associated item not found in `Error`
[INFO] [stdout] 
[INFO] [stdout] 
[INFO] [stdout] error[E0599]: no variant or associated item named `SendToChannel` found for enum `spdlog::Error` in the current scope
[INFO] [stdout]   --> benches/spdlog_rs.rs:64:31
[INFO] [stdout]    |
[INFO] [stdout] 64 |                 if let Error::SendToChannel(SendToChannelError::Full, _dropped_data) = err {
[INFO] [stdout]    |                               ^^^^^^^^^^^^^ variant or associated item not found in `Error`
[INFO] [stdout] 
[INFO] [stdout] 
[INFO] [stdout] error: aborting due to 5 previous errors
[INFO] [stdout] 
[INFO] [stdout] 
[INFO] [stdout] Some errors have detailed explanations: E0432, E0433, E0599.
[INFO] [stdout] 
[INFO] [stdout] For more information about an error, try `rustc --explain E0432`.
[INFO] [stdout] 
[INFO] [stderr] error: could not compile `spdlog-rs` (bench "spdlog_rs") due to 6 previous errors
[INFO] [stderr] warning: build failed, waiting for other jobs to finish...
[INFO] [stdout] error[E0433]: failed to resolve: use of undeclared type `OverflowPolicy`
[INFO] [stdout]    --> benches/compare_with_cpp_spdlog_async.rs:175:9
[INFO] [stdout]     |
[INFO] [stdout] 175 |         OverflowPolicy::Block,
[INFO] [stdout]     |         ^^^^^^^^^^^^^^ use of undeclared type `OverflowPolicy`
[INFO] [stdout] 
[INFO] [stdout] 
[INFO] [stdout] error[E0433]: failed to resolve: use of undeclared type `OverflowPolicy`
[INFO] [stdout]    --> benches/compare_with_cpp_spdlog_async.rs:183:9
[INFO] [stdout]     |
[INFO] [stdout] 183 |         OverflowPolicy::DropIncoming,
[INFO] [stdout]     |         ^^^^^^^^^^^^^^ use of undeclared type `OverflowPolicy`
[INFO] [stdout] 
[INFO] [stdout] 
[INFO] [stdout] error: aborting due to 7 previous errors
[INFO] [stdout] 
[INFO] [stdout] 
[INFO] [stdout] Some errors have detailed explanations: E0412, E0432, E0433, E0599.
[INFO] [stdout] 
[INFO] [stdout] For more information about an error, try `rustc --explain E0412`.
[INFO] [stdout] 
[INFO] [stderr] error: could not compile `spdlog-rs` (bench "compare_with_cpp_spdlog_async") due to 8 previous errors
[INFO] running `Command { std: "docker" "inspect" "4234761b585325b7a79567f0d8af9cdb9a2222ad630024d3e4334195772918be", kill_on_drop: false }`
[INFO] running `Command { std: "docker" "rm" "-f" "4234761b585325b7a79567f0d8af9cdb9a2222ad630024d3e4334195772918be", kill_on_drop: false }`
[INFO] [stdout] 4234761b585325b7a79567f0d8af9cdb9a2222ad630024d3e4334195772918be
